divisor of p and z?
12
Let n(j) = -j**3 + 2*j**2 + 51*j + 2. Let k be n(-8). Suppose -k - 171 = -15*q. Calculate the highest common divisor of q and 12.
3
Suppose 13*x - 8 = -34. Let o be (x - -7)/(-1 - -2). What is the highest common divisor of 55 and o?
5
Let m(x) = -82*x - 2490. Let s be m(-36). What is the greatest common divisor of 54 and s?
6
Let k(t) = 8*t**2 + 20*t + 38. Let m = 358 + -366. Let x be k(m). What is the highest common factor of x and 60?
30
Let p be (-4*5)/(-1)*1220/1525. Calculate the highest common factor of 200 and p.
8
Let s(t) = 16*t**2 - 39*t - 262. Let y be s(-5). What is the highest common divisor of 74 and y?
37
Let i(u) = -u**3 + 15*u**2 + 3*u - 10. Let m be i(14). Let v be -8*(-3)/(-12)*-6. What is the greatest common factor of m and v?
12
Suppose -66*p - 3*p + 18480 = p. Suppose -2*n + i = -49, -3*n + n = -4*i - 52. Calculate the highest common factor of p and n.
24
Suppose -4*q + 5*v + 60 = v, -2*q + 30 = v. Let f(s) = 56*s - 6. Let o be f(8). Let h = 562 - o. What is the highest common factor of h and q?
15
Let u = 6915 - 5635. Calculate the greatest common divisor of 40 and u.
40
Let b = 1060 - -10643. What is the greatest common divisor of 498 and b?
249
Suppose -21*u - 174 = -6*q - 18*u, 34 = q - 3*u. Let f = -33 + 103. What is the greatest common divisor of q and f?
14
Suppose 0 = -10*v + 5131 + 1319. Suppose o - 298 = -2*i, v = 4*i - 4*o + 61. Calculate the highest common factor of 37 and i.
37
Let z = 20 + 110. Let m = z - 20. Calculate the highest common factor of 22 and m.
22
Suppose -454*p + 280 = -536*p + 936. Suppose -3*h = c - 2*c + 187, -182 = -c - 2*h. What is the greatest common divisor of c and p?
8
Suppose 0 = -3*z - 19 + 46. Suppose -z*p + 240 = -p. Calculate the greatest common factor of p and 330.
30
Suppose o + 103 = t, -339 = -5*t + o + 172. Calculate the greatest common factor of t and 136.
34
Let w(f) = 7*f + 69. Let l be (64/(-4))/2 - -4. Let q be w(l). Calculate the highest common factor of q and 369.
41
Let q(o) = 3*o**3 - 7*o**2 + 7*o - 15. Let u be q(3). Let z be (-9)/3*(-280)/u. Calculate the highest common factor of 7 and z.
7
Let d be (-3 - -3) + -1 + 3 + 64. Let o(j) = j**3 + 4*j**2 - 8*j - 3. Let z be o(-5). Calculate the highest common divisor of z and d.
6
Suppose -50*x = 72*x - 12078. What is the greatest common factor of x and 31581?
99
Let m = -1 - 0. Let x be m/(-4) + 255/20 + -2. Let s(t) = -t**3 + 14*t**2 - 20*t + 29. Let k be s(12). Calculate the highest common divisor of k and x.
11
Let h(z) = 6*z**2 - 221*z - 76. Let k be h(50). What is the highest common factor of 52 and k?
26
Suppose 79 = 3*t - 50. Suppose -6*f - t - 89 = 0. Let r = f - -46. What is the greatest common divisor of 32 and r?
8
Suppose -4*i + 1 = 13. Suppose 2707 - 747 = 109*r - 60*r. Let c be 8/12*i + r. What is the greatest common factor of c and 19?
19
Suppose 3*f - 2 = -2*j, 21 = f - 5*j - 8. Suppose -4*i = 68 - 72. Let g(p) = -p + 7. Let m be g(i). What is the highest common divisor of m and f?
2
Let s(q) = q**3 - 7*q**2 - 24*q - 9. Suppose 0 = -15*a + 20*a - 50. Let p be s(a). Calculate the highest common factor of 34 and p.
17
Let c(h) = 4*h**3 - 26*h**2 + 124*h - 48. Let p be c(4). Calculate the highest common factor of p and 37728.
288
Suppose -s + 8 = 5*r, -19*s + 20*s + 8 = 3*r. Suppose r*o - 63 - 93 = 0. Calculate the greatest common divisor of o and 130.
26
Let y(l) = -2*l**3 + 16*l**2 - 5*l + 72. Let r be y(8). What is the greatest common divisor of 80 and r?
16
Let w be (8/26)/(26/169). Suppose d - 2 = -3*r + 2*d, r = -w*d + 10. What is the greatest common divisor of r and 18?
2
Let p be -21*(-2 + 7 + -6). Let b be (35/20)/(1/20). Let k be (-14)/b - p/15*-11. What is the highest common divisor of 15 and k?
15
Let n = 625 - 624. Let f = -14 + 23. Suppose -q + 3*w + w = f, 3*q = 4*w + 5. Calculate the highest common factor of q and n.
1
Let v(f) = -20*f**3 - f**2 - 2. Suppose 5*b - 14 = -2*p + 7, p + 4*b = 18. Let w be v(p). Let i = 16 - 2. Calculate the greatest common factor of i and w.
14
Suppose -25604 = -4*z - 2*o, 2*o + 31987 = 5*z - 0*o. What is the greatest common divisor of z and 81?
81
Suppose 50*t - 76485 + 14985 = 0. Calculate the greatest common factor of 1080 and t.
30
Let y be 1752/73*(-1 + (0 - -2)). Suppose 0 = 3*f - y*f + 23625. Calculate the greatest common divisor of 45 and f.
45
Suppose -1806 = -j + 8*j. Let s = 278 + j. Calculate the highest common factor of 110 and s.
10
Let v be (-100)/75*30/(-8). Suppose v*b + 54*f - 504 = 55*f, 3*b - f - 304 = 0. What is the greatest common factor of b and 60?
20
Let k = 3916 - 3882. Calculate the highest common factor of 374 and k.
34
Let p be 18/(-2) + 24730*60/40. Calculate the highest common factor of 28 and p.
14
Let q(z) = -39*z + 2175. Let u be q(26). What is the greatest common factor of 516 and u?
129
Let g(n) = -10*n**3 - 2*n**2 - 9*n - 4. Let z be (-40)/(-60)*(-18)/4. Let r be g(z). What is the highest common factor of 25 and r?
25
Suppose -3*w + 64 = 4. Let v = 315 + -106. Let p = v + -199. What is the highest common divisor of p and w?
10
Suppose 2*l - 4*l = -392. Suppose 0 = -12*m + 5*m - 7. Let x be (3 + m - 0) + -6 - -32. What is the highest common factor of x and l?
28
Let a(v) = -2*v**2 + v - 27. Let c be a(4). Let y = 61 + c. Calculate the highest common factor of y and 54.
6
Let j be (44 - 86)/(18/(-24)). Let m(d) = -d**3 + 9*d**2 - 7*d + 4. Let r be m(6). Calculate the highest common factor of j and r.
14
Let x = 25 + -15. Let m be 19 + 6*165/(-90). What is the greatest common divisor of x and m?
2
Let y = 33 + -17. Let w(o) = -10*o**3 + 5*o - 32 - 27*o**3 + 16*o**2 + 36*o**3. Let u be w(16). Calculate the highest common divisor of y and u.
16
Suppose -z = 3*z - 4. Suppose 2*q - 4*g = -g + 276, -5*q + 2*g = -668. Suppose 7*r - q = -125. What is the greatest common divisor of z and r?
1
Let r be (1 + 88/40)*120. What is the greatest common factor of r and 240?
48
Suppose -3*q + 2922 = -5*g - 3922, -2*g + 8 = 0. What is the highest common divisor of 52 and q?
52
Let s be ((-17 - -15) + (-200)/6)*3. Let j = s - -99. Let d(o) = -2*o - 11. Let u be d(j). Calculate the greatest common divisor of 6 and u.
3
Let l = -71 - -80. Suppose -3*g - 908 = -2*i, 0 = g - 0*g + 3*i + 288. Let c = -201 - g. What is the greatest common factor of l and c?
9
Let j = 168454 + -167844. Suppose 40 = 3*y + 3*n + 16, -20 = -3*y - 5*n. Calculate the greatest common divisor of j and y.
10
Let p(w) = -w**3 - 3*w**2 + 7*w + 4. Let b be p(-5). Let f be (-1 + -1 - 625)*36/(-108). What is the greatest common factor of b and f?
19
Let t be (-382)/(-5) - (-12)/20. Suppose 16*r - t = 83. Calculate the highest common divisor of 430 and r.
10
Suppose -x = x - 48. Let u = 31873 - 31831. What is the highest common divisor of x and u?
6
Let j = -631 + 715. Calculate the greatest common factor of 364 and j.
28
Suppose -4*u = 2*s - 44, -4*s - u + 58 + 9 = 0. Let g be 3/6 - (-31)/2. What is the greatest common factor of g and s?
16
Suppose 124 = 3*g + 4*x, -6*g = -2*x - 356 + 28. What is the highest common factor of g and 1092?
52
Let y = 13099 + -8224. Calculate the highest common factor of 390 and y.
195
Let w be 6 + (-280)/50 - (-1518)/5. Calculate the highest common factor of 8056 and w.
152
Suppose 0 = 5*x + b - 40 - 2, 5*x - 5*b - 60 = 0. Suppose -x*h + 780 = 4*h. Calculate the highest common factor of h and 48.
12
Let c = -4 - -8. Let p(z) = -z**2 - 12*z + 69. Let h be p(4). Suppose 3*a = 35 - h. What is the highest common divisor of c and a?
2
Let g(w) = -w**2 - 6*w + 3. Let f be (-1)/4 + (-57)/12. Let o be g(f). Let k(c) = -6*c - 26. Let j be k(-7). Calculate the highest common factor of o and j.
8
Suppose 4*a + 340 = -9*y + 15*y, 2*y + 2*a = 90. Calculate the highest common factor of y and 1807.
13
Suppose -2*g - 17 = -3*g - 3*j, -2*g + 27 = -j. Suppose 0*t - 7*t + 14 = 0. Let i be ((-98)/(-42))/(t/60). What is the greatest common factor of i and g?
14
Suppose -35*i + 4395 = -63*i + 29*i. Calculate the greatest common divisor of 15 and i.
15
Let i(l) = -l**3 - 26*l**2 + 36*l + 1. Let r be i(-27). Let p = -154 - r. Calculate the greatest common factor of p and 16.
8
Suppose 0*j + 5*j + l - 1070 = 0, -5*l = 0. Suppose 0 = 2*f + 2*f + 376.